 + 456. Let i = f + p. What is d(i)?
-8
Let k(v) be the second derivative of v**5/20 - 19*v**4/12 + 3*v**3 + v**2/2 - 6*v. Let x(d) = -23*d**3 + 68*d**2 + 7*d + 6. Let c be x(3). Determine k(c).
1
Let z(j) = -j - 61*j**2 + 13 - 19 + 62*j**2. Let h(x) = 4*x**2 - 4*x - 25. Let b(o) = -2*h(o) + 9*z(o). Suppose 0 = 2*r - 6*r - 16. What is b(r)?
16
Let h(z) = 46*z - 2445. Let l be h(53). Let a(r) = 2*r**3 + 16*r**2 + 16*r + 12. What is a(l)?
-2
Suppose l - 4*l - 15 = 0. Let j(t) be the third derivative of -t**4/12 - t**3/3 - 1083*t**2. What is j(l)?
8
Let h be (-1)/((-6)/(-27))*(-8)/(-6). Let m be (h - -6)/(0 + 1). Let q(g) = g**3 + 2*g - 5. What is q(m)?
-5
Let p(i) = i**3 + i - 8. Let m(s) = -s - 14. Let g(j) = -4*j - 43. Let r(z) = 2*g(z) - 7*m(z). Let c be r(12). Give p(c).
-8
Let u(t) = -6 + 3 + 5 + t**3 - 4*t**2 + t + t. Let m(r) = 3*r**3 - 2*r + 1. Let w be m(1). Let j be (-1)/(w - 9/4). Give u(j).
10
Let z(g) = -126*g**2 + 82 - 164 + 15*g + 80 + 127*g**2. Determine z(-14).
-16
Suppose 36*a = 42*a - 132. Suppose -18 = -2*p - a. Let t(c) = -4*c**2 - 3*c - 3. Give t(p).
-13
Let j be 4/18 - 1056/(-108). Let r be 78/15 - (20/(-25))/(-4). Let k(v) = r*v + 0*v + 2 + j*v - 6*v. Calculate k(2).
20
Let n be 34202/8 - 27/(-36). Let q(z) = 4275*z - 11 - 9 - n*z. Calculate q(-17).
-3
Let t(k) = 7*k - 5. Let l be 45/(-10)*(-16)/12. Let u(n) = 8*n - 5. Let r(h) = l*t(h) - 5*u(h). Let m be r(5). Let i(f) = -3*f + 7. What is i(m)?
-8
Let s(f) be the second derivative of f**3/6 + 3*f**2/2 - 7*f - 19. Give s(0).
3
Let d(u) = -u + 7. Let n(z) = -z**3 - 15*z**2 - 31*z - 228. Let f be n(-14). Determine d(f).
-3
Suppose 5*p + 4*t - 3969 = -3935, 0 = 3*p - 5*t + 24. Let g(m) = m**2 + 13*m - 18. What is g(p)?
12
Let m(x) = -x. Let b be m(-3). Let o = -49 - -51. Suppose 0*d = o*s - d + 1, -b = -d. Let n(r) = 4*r**2. Give n(s).
4
Let o(x) be the first derivative of x**4/4 + 4*x**3/3 - 2*x**2 + 12*x + 884. What is o(-5)?
7
Let g(m) = m**2 - 11*m + 25. Suppose -y = x + 34 - 43, -4*x + 8*y = -36. Calculate g(x).
7
Let c(p) = -1 - 93*p - 14 - 1 + 4 - p**2 + 95*p. Give c(-9).
-111
Let c(k) be the second derivative of -k**5/20 - 5*k**4/12 + 5*k**3/6 - 3*k**2 + 69*k + 4. Give c(-6).
0
Let x be (9/15)/(54/240)*(-45)/12. Let y(r) be the second derivative of r**5/20 + 5*r**4/6 - r**3/6 - 7*r**2/2 + r. What is y(x)?
3
Let m(c) = -2*c**2 + 27*c + 15. Let r be m(14). Let s(n) = r + 13 - n - 5*n**2 + 1 - 16. Calculate s(-1).
-5
Let k(d) = -3*d**2 + 51*d - 10. Let x be 413125/21813 - 4/(-66). What is k(x)?
-124
Suppose -32*o - 451 = 9*o. Let y(t) = t**3 - t**2 + t - 2. Let h(p) = -4*p**3 + 15*p**2 - 14*p + 25. Let v(f) = -h(f) - 5*y(f). What is v(o)?
7
Let l(u) be the first derivative of 1/2*u**4 + u - 2/3*u**3 - u**2 + 170. Give l(-2).
-19
Let v(l) = -l**2 - 6*l + 3. Let k(n) = 2*n**3 - 66*n**2 + 4*n - 32. Let q be k(33). Let p = q + -106. Determine v(p).
3
Let m(j) = -j**3 - 4*j**2 - 4*j + 3. Let q be -6*10/(-80)*(0 - 4). Let z be m(q). Let c(b) = b**3 - 4*b**2 - 6*b - 4. Determine c(z).
32
Let b be (-1 - -3) + 2*(-54)/(-4). Suppose 2*s - b = s. Suppose -a + r + s = -6*a, -r + 25 = -4*a. Let d(f) = -f - 7. Calculate d(a).
-1
Let j(w) = 5*w - 2*w + 2*w. Let o be (2/(-53))/((-53)/(-2809)). Determine j(o).
-10
Let q(u) = -7*u + 37. Suppose o = 8*o - k - 40, 2*k = 3*o - 25. Determine q(o).
2
Let d be -2*(-60)/72*6. Let k(r) = -r**2 + 23*r - 118. Determine k(d).
12
Let r(p) be the second derivative of p**7/630 + p**6/720 - p**5/120 - p**4/2 - p**2 + 90*p. Let y(m) be the third derivative of r(m). Determine y(2).
17
Let q be (287/(-11))/7 - (-30)/(-110). Let c(r) = -22*r - 86. Calculate c(q).
2
Let p = 6 - 5. Let s be -3*(3 + -15)/2. Let u(h) = -10*h**3 + 19*h - 80*h + 27*h + s*h + 17*h. What is u(p)?
-9
Let a(i) = 38 - 2*i**2 + 30 - 61 + 13 - 11*i. Determine a(-7).
-1
Suppose -w - 1 = 4*v, 4 - 5 = v. Suppose -c - 3 + 2 = -2*d, 2*d = 2*c. Let b(u) = 0*u - 3*u + d + 0*u. Give b(w).
-8
Suppose 0 = l - 0 + 6. Let x(m) = 194*m - 13. Let d(i) = -79*i + 5. Let z(b) = 5*d(b) + 2*x(b). Give z(l).
41
Suppose n = 2*n - 1, 0 = 2*t - 3*n - 105. Let k be 204/t - 6/(-27). Let h(f) be the second derivative of f**4/12 - 7*f**3/6 + 7*f**2/2 + 38*f + 1. Give h(k).
-5
Suppose 4 = -5*d + 14. Let r(i) = 6*i - 104. Let p(s) = -3*s + 59. Let o(z) = 7*p(z) + 4*r(z). What is o(d)?
3
Let w(h) be the second derivative of -h**4/12 - h**3/6 - h**2 - 3*h. Let d = -526 + 458. Let c be (-21)/14*(d/12 + 3). What is w(c)?
-22
Let z(w) = 3*w - w**2 + 3 - 5*w + 4*w**3 - 3*w**3. Suppose 108 = -80*d + 123*d + 22. Calculate z(d).
3
Let m(z) be the first derivative of 33*z**4 - z**2/2 - 9174. What is m(1)?
131
Suppose -4*b + 26 = t, -10*b + 12*b - 18 = -t. Suppose -32*i = -37*i - t. Let u(o) = o**3 - o**2 - o + 1. Calculate u(i).
-9
Let v = -8966 + 8969. Let q(k) = k**3 - 4*k**2 + 2. Let w be q(4). Let y(s) = -3*s - w*s + s. Determine y(v).
-12
Let q be (-26)/104 - 5*(-35)/28. Let r(x) = x**2 - 2*x - 7. What is r(q)?
17
Let q(w) = -4*w + 104. Let c be q(26). Suppose b + 2*b = 3*z - 6, -3*z + b + 8 = c. Let a(h) = -h**3 + 2*h**2 + 3*h - 3. Give a(z).
-3
Suppose 8*r - 121 + 137 = 0. Let b(f) be the first derivative of -f**4/2 - 2*f**3/3 - 2*f**2 - 3*f + 48. What is b(r)?
13
Let x(c) = 84*c + 168. Let u be x(-2). Let w(i) be the first derivative of -2 + 9*i - 1/2*i**2 - 1/3*i**3. Calculate w(u).
9
Let g(n) = -5*n**3 + 4*n**3 + 0*n**3 + 2 + 2*n + 4*n**2. Suppose -970*k - 19 = 2*i - 973*k, 0 = -5*i - k + 29. Give g(i).
10
Let w(b) = -7*b - 1. Let c = 110 + -72. Let k = c + -32. Suppose 0 = 3*o + x + k, o + 5*x + 2 = -0. Determine w(o).
13
Let v = 37 - -13. Let k = 52 - v. Let w(r) = -1 + k*r + 2 + 15 - 7. Give w(-8).
-7
Let l(z) = -z**2 - 10*z + 11. Let a be ((-80)/15)/8 + 154/(-21). Determine l(a).
27
Let l(k) = -k**3 + 2*k**2 + 2*k + 3. Let j(v) = 3*v + 36. Let b be j(-11). Suppose r = -n + 13, 2*n - 89 = -b*n + 3*r. Let g be -9 + n + 2 + -6. Determine l(g).
0
Let f(p) = 3*p**2 - p + 4. Let l(s) = -7*s**2 + 3*s - 9. Let r = 130 + -125. Let v(u) = r*f(u) + 2*l(u). Calculate v(-3).
8
Let i(x) = -x**3 + 6*x**2 + 7*x - 4. Suppose -44*q + 41*q + 2*m = -19, -1 = -2*q - m. Suppose q*p + 3*b = 25 - 4, -4*p - 3*b = -28. Give i(p).
-4
Let n(s) = -5*s**2 + s - 5*s + s**3 - 2 + 4*s - 5*s + s. Give n(6).
10
Let l(z) be the second derivative of -z**3/6 - 3*z**2/2 - 5*z + 658. Determine l(-10).
7
Let i(p) = -p**3 + 28*p**2 - 51*p - 30. Suppose 29 = b + 3*j, b - 51*j + 46*j = 21. What is i(b)?
-4
Suppose 0 = -17*c - 3 + 122. Let p(g) = 2*g + 4 - 14 + c. Determine p(2).
1
Let y(p) be the second derivative of p**5/20 - p**4/3 - p**3 + p**2 + 115*p + 4. Give y(5).
-3
Suppose 5*j = 1506 - 1531. Let w(n) = -2*n**3 - 11*n**2 - 7*n - 7. Calculate w(j).
3
Let v(b) be the first derivative of -b**4/4 + 7*b**3/3 - b**2/2 - 7*b + 1968. What is v(8)?
-79
Let b(s) be the first derivative of -s**2/2 + 3*s - 82. Suppose 0 = -a + 5. Suppose -3 = -2*g - 3*v, -a*g - 2*v = 9 - 0. Determine b(g).
6
Suppose 5*g = -4*y + 159 + 528, 678 = 5*g + y. Let s = 140 - g. Let v(q) = 6*q + 5*q**2 + 0*q**3 - 2 - 6*q - q**3. Determine v(s).
-2
Let d(i) = -i**2 + 15*i - 12. Suppose -52*a = 44*a - 436 - 908. What is d(a)?
2
Let o(m) = m**3 - 7*m + 2. Let p(k) = -k**3 + 6*k**2 + 20*k - 3. Let g(s) = 2*o(s) + p(s). What is g(-3)?
10
Let a(r) = 2*r**2 - 8*r + 6. Let b be a(3). Let q = -15 - -24. Suppose b = -3*n + q - 12. Let p(d) = -9*d - 1. What is p(n)?
8
Let d(l) = l**2 + 8*l - 7. Let z(w) = 2*w**2 + 8*w - 7. Let f(i) = 3*d(i) - 2*z(i). Suppose 67 - 630 = -174*a + 307. Determine f(a).
8
Let m(v) = 23*v**2 - 4*v - 12. Let y(s) = 19*s**2 - 4*s - 10. Let d(r) = 5*m(r) - 6*y(r). Calculate d(-9).
45
Let q(y) be the second derivative of -y**4/12 - y**3/2 + 7*y**2/2 - 2*y. Suppose -4*r - 4 + 8 = 0. Let h be (6/9)/(39/45 - r). Give q(h).
-3
Let s(a) be the first derivative of a**5/3 + a**4/24 - 25*a**2/2 - 3*a - 18. Let c(q) be the second derivative of s(q). Determine c(1).
21
Suppose 0 = 20*w - 6*w - 98. Let p(y) = 4*y + 17. Let s(o) = -2*o - 9. Let t(l) = -6*p(l) - 11*s(l). Determine t(w).
-17
Let g(h) = 6*h + 74. Let f(w) = w + 15. Let t(m) = -5*f(m) + g(m). Suppose -3*l + 6 = 3. Let u(b) = 3*b - 1. Let n(p) = l*u(p) - 2*t(p). Give n(7).
8
Let o(m) = 9*m**3 - m**2 + 10*m + 24. L